 = -l**3 - 12*l**2 - 12*l + 6. Let h be q(-11). Calculate the remainder when 2/8 + 238/8 is divided by 2/(-2) + (h - 0).
14
Suppose -13*j = -43 - 451. Calculate the remainder when j is divided by ((-13)/2)/((-2)/4).
12
What is the remainder when 33 is divided by -1 + -3 + (-1 - -17)?
9
Suppose 3*w - 42 = -5*a, -3*a + 2*w + 31 = -2*w. What is the remainder when 31 is divided by a?
4
Suppose -3*f - z + 43 = -f, -55 = -2*f + 3*z. Let s(r) = r + 6. What is the remainder when f is divided by s(6)?
11
Let f(c) = -c**2 - 5*c - 1. Suppose 20 = 31*d - 21*d. What is the remainder when f(-4) is divided by d?
1
Suppose a = -2*a + 6. Let w be a + (-1 + 1 - 2). Suppose -4*d + h + 10 = w, -5*d + d + 2*h + 12 = 0. What is the remainder when 4 is divided by d?
0
Suppose 3*m - 54 = -0*m. Let s = m + -7. What is the remainder when 2 - -19 - (1 - 0) is divided by s?
9
Calculate the remainder when (141/(-6))/((-2 + -1)/6) is divided by 12.
11
Let c(f) = 5*f + 39. Calculate the remainder when c(14) is divided by 56.
53
Suppose 6*m - 9 = 4*m + h, 5*m + 4*h = 29. Suppose 0 = -p + 3*w + 17 + 6, m*p + w = 51. Calculate the remainder when 43 is divided by p.
10
Suppose 58 = 5*y + 3. Let a = -2 + y. Calculate the remainder when 43 is divided by a.
7
Let w(n) = 6*n + 4. Let h be w(-4). Let l = h - -23. Calculate the remainder when 4 is divided by l.
1
Let n(j) = 48*j**3 - j**2 + j + 1. What is the remainder when n(1) is divided by 18?
13
Let s(h) = -h**3 - 10*h**2 + 13*h - 26. What is the remainder when s(-12) is divided by 22?
18
Suppose r + 4*d = -8, 6 = 4*r + 4*d - 7*d. Suppose r = -0*n + 2*n - 18. Calculate the remainder when n is divided by 5.
4
Suppose -4*v + 75 - 3 = 0. What is the remainder when 88 is divided by v?
16
Suppose -3*r = r - 92. Calculate the remainder when r is divided by 13.
10
Calculate the remainder when 48 is divided by -2 + (18 - (-2 - 3/(-3))).
14
Suppose 0 = -0*w + w - 68. Suppose -6*r + 112 = 3*s - r, 5*r = -2*s + w. Suppose 0 = -m - i + 10, -20 = 4*i - 0*i. What is the remainder when s is divided by m?
14
Suppose -2*s + 50 = -2*a, 2*s - 3*a = -0*a + 48. Suppose -428 = -4*l + h - 0*h, 2*l + 3*h - 214 = 0. Calculate the remainder when l is divided by s.
26
Suppose 4*g = -4*v, 4*v + 0*g - 2*g + 6 = 0. What is the remainder when (v/(-2))/((-7)/(-742)) is divided by 14?
11
What is the remainder when (-3)/(-5) + 248/20 is divided by 6?
1
Let n(g) = 3*g**2 + 2*g - 29. Calculate the remainder when n(6) is divided by 24.
19
Suppose 11*c + t + 82 = 14*c, -20 = -c + 4*t. Calculate the remainder when (-1)/(-2) - (-438)/4 is divided by c.
26
Suppose 0 = 2*u - 4*u - 4. What is the remainder when (u/(-4))/(1/90) is divided by 16?
13
Suppose -2*b - 318 = -3*v + b, 3*b + 15 = 0. What is the remainder when v is divided by 26?
23
Let s(n) = n**2 - n - 1. Let y be s(3). Suppose y*g - 29 = 41. Suppose 0 = -2*h - 5*m + 32, h + 4*m - 6 = -m. Calculate the remainder when h is divided by g.
12
Let f be -3 + (3 - 2) + 18. Let y = -10 + f. What is the remainder when 11 is divided by y?
5
Suppose 5*d - 2*x = 207, 3*x + 17 = -4*d + 178. Let f = 13 - 9. Suppose -p - f*p = -105. What is the remainder when d is divided by p?
20
Let j(m) = m + 9. Let g(k) = k + 16. Let t be g(-12). Suppose 3 + 13 = -t*a. What is the remainder when 13 is divided by j(a)?
3
Suppose 4 + 0 = u. Suppose u*x - 3*o - 25 + 10 = 0, -5*o + 10 = 5*x. Suppose x*z = -f + 11, 2*z + f = 2 + 6. What is the remainder when 4 is divided by z?
1
Let o be (-4)/(-14)*(0 + 7). Suppose -a - 38 = -o*a. Let l = 26 - 13. What is the remainder when a is divided by l?
12
Let r = -10 + 17. Calculate the remainder when 17 is divided by r.
3
Let j = -1 + 5. Let v(d) = d - 7. Let x be v(5). Let y = x + 8. What is the remainder when y is divided by j?
2
Suppose 0*p = 3*p - 186. Let v = 106 - p. Let a = 23 + -8. Calculate the remainder when v is divided by a.
14
Let o(a) = a + 19. Suppose -p + 0*p + 15 = 0. What is the remainder when p is divided by o(-15)?
3
Let f(x) = -x**3 - 11*x**2 + 20*x - 24. What is the remainder when 107 is divided by f(-13)?
53
Let w = -4 - -1. Let v = 1 - w. What is the remainder when 5 is divided by (-4)/8*v*-2?
1
Suppose -2*d = -46 - 18. Suppose -88 = -6*j - 2*j. Calculate the remainder when d is divided by j.
10
Let r(i) = -i**3 + 4*i**2 + 12*i - 24. What is the remainder when r(5) is divided by 3?
2
Calculate the remainder when ((-2)/6)/((-2)/174) is divided by 10.
9
Let m(n) = -5 - 7*n**2 + 8 + 5 + 2*n + 5*n - n**3. What is the remainder when 61 is divided by m(-8)?
13
Let o = 6 - 6. Suppose o = -5*n + 10. Suppose -6 + 34 = 2*r + g, -n*g - 16 = -2*r. Calculate the remainder when 22 is divided by r.
10
Suppose -d - 18 = -4*f, 3*d + 14 = 4*f - 0. Calculate the remainder when 18 is divided by f.
3
Let o(r) = 10*r + 2 + r**2 - 5*r + 5. Let v = -12 - -7. What is the remainder when o(v) is divided by 3?
1
Let f(x) = x + 18. Calculate the remainder when 30 is divided by f(-7).
8
Let o be (-4)/(-18) - 16/72. Suppose -5*w + 2*h = -o*w - 48, 3*w - 32 = 2*h. What is the remainder when w is divided by 3?
2
Let c(r) = -r**3 - 5*r**2 - 5*r - 5. Let n be c(-4). What is the remainder when n/(2*1/(-42)) is divided by 12?
9
Let p be (8/12)/((-4)/(-18)). Suppose -p*z + 11 = k - 2*z, 0 = 4*z + 8. What is the remainder when 49 is divided by k?
10
What is the remainder when 6 is divided by 12/2 - (5 + -3)?
2
Let u(s) = s**3 - 7*s**2 + s - 2. Let g be u(7). Let n(f) = -12 + 3*f + g*f + 7 - f**3 - 8*f**2. What is the remainder when n(-9) is divided by 2?
0
Let h(d) = 2*d + 13. Let v be h(-7). What is the remainder when 69 is divided by 2*v + (18 - -2)?
15
Let n(h) = -1 - h**2 - 2 + 2*h**2 - 6*h. Calculate the remainder when 23 is divided by n(8).
10
Let j = -147 - -168. What is the remainder when 104 is divided by j?
20
Let x(a) = 4*a + 2. What is the remainder when x(11) is divided by 21?
4
Suppose -4*q + 0*q + 40 = 0. Calculate the remainder when 39 is divided by q.
9
Suppose -v + 144 = 2*v. Suppose -2*l + 34 = -0*l. Calculate the remainder when v is divided by l.
14
Let c(r) = -r**2 - 6*r + 3. Let g be c(-6). Suppose 0*z + g*z - 41 = -4*k, -k = 3*z - 26. Calculate the remainder when 12 is divided by z.
5
Let l = -1 + 11. Calculate the remainder when 17 is divided by l.
7
Calculate the remainder when 1 + 0 - (-45 - (5 + -1)) is divided by 14.
8
Let h(p) = p**3 - p + 14. What is the remainder when 125 is divided by h(0)?
13
Suppose 4*r - 37 = x - 6*x, -9 = -3*x + 2*r. Suppose -2*k + 0*k - 4*v = -30, -x*v - 56 = -3*k. What is the remainder when k is divided by 6?
5
Suppose -15*k = -13*k - 20. What is the remainder when 16 is divided by k?
6
Suppose -7*w + 12*w = 70. Let d be 30 + 1 - (-2 - 0). Suppose 7 = -l + d. Calculate the remainder when l is divided by w.
12
Calculate the remainder when 70 is divided by (-1 + (-3)/(-9))/((-4)/150).
20
Let u(w) = -w**2 - 18*w + 24. What is the remainder when u(-17) is divided by 11?
8
Let g be 1*63/(-6)*2. Let u = -3 - g. What is the remainder when u is divided by -2 - (14 + 0)/(-2)?
3
Let n = 170 - -11. What is the remainder when n is divided by 14?
13
Suppose -a + 4*h = -11 - 16, 0 = 5*a - 2*h - 171. Suppose -o + 4*o + 4*x = a, -56 = -4*o - 3*x. What is the remainder when 49 is divided by o?
15
Suppose -h - 3*h = -28. Let d(y) = -y**3 - 8*y**2 - y + 11. What is the remainder when d(-8) is divided by h?
5
Let z(m) = -m + 14. Let h(j) = -j**2 - 9*j - 8. Let u be h(-7). Calculate the remainder when 22 is divided by z(u).
6
Calculate the remainder when (-1)/(-1)*(-2 - -36) is divided by 9.
7
Suppose 7*x = 2*x + 120. What is the remainder when 40/(-12) + 6/(-9) + 99 is divided by x?
23
Suppose 0 = 3*z + i - 83, -5*i = 3*z - 2*z - 23. Let f(j) = j**2 - j + 5. Let m be f(7). Let a = m - 32. Calculate the remainder when z is divided by a.
13
Let r(y) = y**3 - 2*y - 2. What is the remainder when r(3) is divided by (-169)/(-182)*7 + (-2)/(-4)?
5
Let f(o) = -o**3 + 9*o**2 + 10*o + 6. Let q be f(10). Suppose q = g - 4. What is the remainder when 20 + 2/(2 + -4) is divided by g?
9
Let h be 10/30 + 149/3. What is the remainder when 11 is divided by 4/6 - h/(-15)?
3
Let t = 42 - 23. Calculate the remainder when t is divided by (-1)/(3/21*-1).
5
Suppose 3*k + 2*o - 22 = 6*o, o - 42 = -4*k.